{"id":3412,"date":"2019-11-30T17:56:23","date_gmt":"2019-11-30T16:56:23","guid":{"rendered":"https:\/\/www.asso-torcol.fr\/?page_id=3412"},"modified":"2020-07-14T18:56:35","modified_gmt":"2020-07-14T16:56:35","slug":"jeu-des-enigmes","status":"publish","type":"page","link":"https:\/\/www.asso-torcol.fr\/index.php\/jeu-des-enigmes\/","title":{"rendered":"Jeu des \u00e9nigmes"},"content":{"rendered":"\n<p style=\"font-size:34px\" class=\"has-text-color has-text-align-center has-vivid-red-color\"><strong><em>R\u00e9serv\u00e9 aux membres de l&rsquo;association<\/em><\/strong><\/p>\n\n\n\n<p style=\"font-size:25px\" class=\"has-text-align-center\"><strong><em>Tous les mois, l\u2019association TORCOL<\/em><\/strong><\/p>\n\n\n\n<p style=\"font-size:25px\" class=\"has-text-align-center\"><strong><em> vous propose de d\u00e9cou<\/em><\/strong><em><strong>vrir un sujet myst\u00e8re.  <\/strong><\/em><\/p>\n\n\n\n<p class=\"has-text-align-center has-medium-font-size\"><strong><em>Il peut s\u2019agir d\u2019un sujet d\u2019origine animale, v\u00e9g\u00e9tale ou min\u00e9rale. <\/em><\/strong><\/p>\n\n\n\n<p class=\"has-text-align-center has-medium-font-size\"><strong><em>Quelquefois&#8230;. En parcourant notre site, <\/em><\/strong><\/p>\n\n\n\n<p style=\"font-size:21px\" class=\"has-text-align-center\"><strong><em>vous pourrez y trouver la r\u00e9ponse<\/em><\/strong><\/p>\n\n\n\n<p class=\"has-text-color has-very-dark-gray-color\"><strong>Si vous avez trouv\u00e9 ou si vous croyez avoir trouv\u00e9!!!!  <\/strong><\/p>\n\n\n\n<p style=\"color:#19855e\" class=\"has-text-color\"><strong>Envoyez un message \u00e0  :  secretariat@asso-torcol.fr     <\/strong><\/p>\n\n\n\n<p style=\"color:#19855e\" class=\"has-text-color\"><strong>Avec dans l&rsquo;OBJET du message   JEU DES \u00c9NIGMES  <\/strong><\/p>\n\n\n\n<p style=\"color:#19855e\" class=\"has-text-color\"><strong>DANS LE CORPS DU TEXTE<\/strong> <strong>exemple :  Jeu du mois d\u2019ao\u00fbt = \u00ab\u00a0la r\u00e9ponse\u00a0\u00bb suivie de votre nom et pr\u00e9nom.<\/strong><\/p>\n\n\n\n<p class=\"has-text-color has-medium-font-size has-vivid-red-color\"><em><strong>Attention!!! merci de bien respecter cette r\u00e8gle<\/strong><\/em>&#8230;. <strong>La r\u00e9ponse doit \u00eatre donn\u00e9e le mois de l&rsquo;\u00e9nigme<\/strong>.<\/p>\n\n\n\n<p><strong>La r\u00e9ponse doit \u00eatre donn\u00e9e le mois de l&rsquo;\u00e9nigme<\/strong>.<\/p>\n\n\n\n<p><strong><em>A l&rsquo;occasion de la r\u00e9union mensuelle du mois suivant, le gagnant sera tir\u00e9 au sort&nbsp; parmi les bonnes r\u00e9ponses et recevra un petit lot, qui lui sera remis le m\u00eame jour.<\/em><\/strong><\/p>\n\n\n\n<p class=\"has-text-color has-vivid-red-color\"><strong><em>Si le gagnant est absent le jour du tirage au sort un autre gagnant sera \u00e0 nouveau d\u00e9sign\u00e9 par tirage au sort ce m\u00eame jour<\/em><\/strong> <\/p>\n\n\n\n<p style=\"color:#122ac8\" class=\"has-text-color has-background has-large-font-size has-pale-cyan-blue-background-color\"><strong>\u00c9nigme de juillet 2020<\/strong><\/p>\n\n\n\n<p><strong>Mon nom a plusieurs significations.<br>Il est possible de me confondre avec une autre esp\u00e8ce qui me ressemble dont je ne puis vous<br>donner le nom sinon vous trouveriez de suite qui je suis.<br>Mon homonyme peut servir \u00e0 ch\u00e2tier (les enfants ou les adultes).<br>J\u2019appartiens au r\u00e8gne animal.<br>Je suis un migrateur.<br>L\u2019une de mes principales caract\u00e9ristiques est que je dors en vol jusqu\u2019\u00e0 2000 m d\u2019altitude.<br>Lorsque je nourri mes jeunes, je peux capturer jusqu\u2019\u00e0 1000 insectes qui seront conserv\u00e9s en<br>boules dans mon jabot.<br>Dans une journ\u00e9e je peux saisir jusqu\u2019\u00e0 20 000 moustiques.<br>La forme de mes ailes en faux permet de ne pas me confondre.<br>Si vous enlevez la derni\u00e8re lettre de mon nom vous obtenez un pr\u00e9nom.<br>Si vous enlevez les deux derni\u00e8res lettres de mon nom vous obtiendrez le nom de famille le plus courant de France.<\/strong><\/p>\n\n\n\n<p class=\"has-text-color has-large-font-size has-vivid-red-color\"><strong>Qui suis-je!!!<\/strong><\/p>\n\n\n\n<p class=\"has-text-color has-large-font-size has-vivid-green-cyan-color\"><strong>La gagnante est <\/strong>: <\/p>\n\n\n\n<p style=\"color:#122ac8\" class=\"has-text-color has-background has-large-font-size has-pale-cyan-blue-background-color\"><strong>\u00c9nigme de juin 2020<\/strong><\/p>\n\n\n\n<p><strong>On dit de moi que je suis rus\u00e9.<br>On dit de moi que je suis un voleur.<br>Certains disent que je suis utile.<br>Certains disent que je suis nuisible.<br>Autrefois, les femmes m\u2019entouraient autour de leur cou et j\u2019\u00e9tais souvent enrag\u00e9.<br>On me donne toutes sortes de surnoms.<br>Mon regard est fascinant.<br>Jean de La Fontaine me connaissait bien.<br>Un certain corbeau et une cigogne pourraient vous parler de moi sinon appelez Franck V.<br><\/strong><\/p>\n\n\n\n<p class=\"has-text-color has-large-font-size has-vivid-red-color\"><strong>je suis : <\/strong> <strong>le renard<\/strong><\/p>\n\n\n\n<p class=\"has-text-color has-large-font-size has-vivid-green-cyan-color\"><strong>La gagnante est <\/strong>: <strong>Jean-Louis M.<\/strong><\/p>\n\n\n\n<p style=\"color:#122ac8\" class=\"has-text-color has-background has-large-font-size has-pale-cyan-blue-background-color\"><strong>\u00c9nigme de mai 2020<\/strong><\/p>\n\n\n\n<p><strong>Je me d\u00e9place en silence.<br>Je n\u2019aime pas la lumi\u00e8re du jour.<br>Je mange surtout des petits rongeurs.<br>J\u2019ai l\u2019ou\u00efe tr\u00e8s \ufb01ne.<br>Je vois bien la nuit.<br>Je ne vais pas \u00e0 la messe mais j\u2019occupe souvent l\u2019\u00e9glise.<br>Les anciens croyaient que je portais malheur.<br>Je suis souvent associ\u00e9e \u00e0 la sorcellerie.<br>Ma femme est plus grande que moi<br>Nous faisons parfois deux nich\u00e9es par an.<\/strong><br><strong>Ma population est en r\u00e9gression, notamment \u00e0 cause du tra\ufb01c routier.<br>Je suis une esp\u00e8ce prot\u00e9g\u00e9e.<br>L\u2019association \u201cTorcol\u201d m\u2019aime bien et pose des nichoirs sp\u00e9cialement pour<\/strong> moi !<\/p>\n\n\n\n<p class=\"has-text-color has-large-font-size has-vivid-red-color\"><strong>je suis : <\/strong> <strong>la chouette effraie<\/strong><\/p>\n\n\n\n<p class=\"has-text-color has-vivid-red-color\"><strong>Ma t\u00eate en forme de c\u0153ur devrait vous aider \u00e0 trouver qui je suis et si vous suivez les activit\u00e9s de Torcol, vous ne devriez avoir aucune di\ufb03cult\u00e9 pour trouver<\/strong>.<\/p>\n\n\n\n<p class=\"has-text-color has-large-font-size has-vivid-green-cyan-color\"><strong>La gagnante est <\/strong>: <strong>Elisabeth C.<\/strong><\/p>\n\n\n\n<p class=\"has-text-align-center has-large-font-size\">*****************************<\/p>\n\n\n\n<p style=\"color:#122ac8\" class=\"has-text-color has-background has-large-font-size has-pale-cyan-blue-background-color\"><strong>\u00c9nigme d&rsquo;avril 2020<\/strong><\/p>\n\n\n\n<p><strong>Les quatre mots animaliers superpos\u00e9s ci-dessous vont s\u2019animer pour en fournir un cinqui\u00e8me, de cinq lettres \u00e9galement. \u00c0 cet effet, chaque chiffre indique le nombre de lettres du mot de sa ligne, qui appartiennent aussi au cinqui\u00e8me mot et qui sont bien plac\u00e9es. Trouvez ce cinqui\u00e8me mot. <\/strong><\/p>\n\n\n\n<p>3&nbsp;&nbsp;&nbsp;&nbsp; T R U I E <\/p>\n\n\n\n<p>0&nbsp;&nbsp;&nbsp;&nbsp; L O R I S<\/p>\n\n\n\n<p>&nbsp;3&nbsp;&nbsp;&nbsp; C A R P E<\/p>\n\n\n\n<p>&nbsp;1&nbsp;&nbsp; C O B R A <\/p>\n\n\n\n<p class=\"has-text-color has-large-font-size has-vivid-red-color\">JE SUIS :  <strong>LA TAUPE<\/strong><\/p>\n\n\n\n<p class=\"has-text-color has-large-font-size has-vivid-green-cyan-color\"><strong>La gagnante est Genevi\u00e8ve D.<\/strong><\/p>\n\n\n\n<p style=\"color:#122ac8\" class=\"has-text-color has-background has-large-font-size has-pale-cyan-blue-background-color\"><strong>\u00c9nigme de mars 2020<\/strong><\/p>\n\n\n\n<p class=\"has-medium-font-size\"><strong>Ma famille est tr\u00e8s diversifi\u00e9e et compte environ 25000 esp\u00e8ces. <\/strong><\/p>\n\n\n\n<p class=\"has-medium-font-size\"><strong>47 esp\u00e8ces sont pr\u00e9sentes en Lorraine.<\/strong><\/p>\n\n\n\n<p class=\"has-medium-font-size\"><strong> En langue grecque ancienne, mon nom signifie \u201ctesticule\u201d.<\/strong> <\/p>\n\n\n\n<p class=\"has-medium-font-size\"><strong>Ma forme et mes couleurs ressemblent souvent \u00e0 un insecte Toutefois, je peux \u00eatre singe ou bouc. <\/strong><\/p>\n\n\n\n<p class=\"has-medium-font-size\"><strong>J\u2019\u00e9mets des ph\u00e9romones (un parfum) pour attirer les m\u00e2les.<\/strong><\/p>\n\n\n\n<p class=\"has-medium-font-size\"><strong> Je suis recherch\u00e9e sur les plateaux calcaires \u00e0 partir de fin avril voire avant.<\/strong><\/p>\n\n\n\n<p class=\"has-text-color has-large-font-size has-vivid-red-color\"><strong> Je suis prot\u00e9g\u00e9e<\/strong> <\/p>\n\n\n\n<p class=\"has-text-color has-large-font-size has-vivid-red-color\">JE SUIS :  <strong>L\u2019<\/strong> <strong>ORCHID\u00c9E<\/strong> <\/p>\n\n\n\n<p class=\"has-text-color has-large-font-size has-vivid-green-cyan-color\"><strong>La gagnante est Sylvie G.<\/strong><\/p>\n\n\n\n<p><\/p>\n\n\n\n<p style=\"color:#122ac8\" class=\"has-text-color has-background has-large-font-size has-pale-cyan-blue-background-color\"><strong>\u00c9nigme de f\u00e9vrier 2020<\/strong><\/p>\n\n\n\n<p class=\"has-large-font-size\">&#8211; <strong>Pas tr\u00e8s aim\u00e9 des citadins,<br> &#8211; Enfants et vieux aiment l\u2019attirer,<br> &#8211; Il peuple pourtant toits et jardins,<br> &#8211; Des escrocs, il est le jouet.<\/strong><\/p>\n\n\n\n<p class=\"has-text-color has-large-font-size has-vivid-red-color\">JE SUIS : <strong>LE PIGEON<\/strong><\/p>\n\n\n\n<p class=\"has-text-color has-large-font-size has-vivid-green-cyan-color\"><strong>La gagnante est Sylvie G.<\/strong><\/p>\n\n\n\n<p style=\"color:#122ac8\" class=\"has-text-color has-background has-large-font-size has-pale-cyan-blue-background-color\"><strong>\u00c9nigme de Janvier 2020<\/strong><\/p>\n\n\n\n<p style=\"font-size:22px\" class=\"has-text-color has-vivid-red-color\"><strong>Attention, vous devez avoir 5 bonnes r\u00e9ponses pour gagner<\/strong><\/p>\n\n\n\n<p style=\"color:#1215b2\" class=\"has-text-color\"><strong>Vos r\u00e9ponses devront comporter le chiffre de la question suivie de la lettre de la r\u00e9ponse soit question : 1) r\u00e9ponse A, B ou C.<\/strong><\/p>\n\n\n\n<figure class=\"wp-block-image alignfull\"><img loading=\"lazy\" decoding=\"async\" width=\"593\" height=\"442\" src=\"https:\/\/www.asso-torcol.fr\/wp-content\/uploads\/2020\/01\/janvier-2020.jpg\" alt=\"\" class=\"wp-image-3580\"\/><\/figure>\n\n\n\n<p class=\"has-text-color has-large-font-size has-vivid-red-color\"><strong>Les r\u00e9ponses :<\/strong> 1= A \/ 2= C \/ 3= C \/ 4= B \/ 5= A \/ 6= A \/ 7= C \/ 8= B \/ 9= C \/10= C \/ 11= A \/ 12= C<\/p>\n\n\n\n<p class=\"has-text-color has-large-font-size has-vivid-green-cyan-color\"><strong>La gagnante est Patricia F.<\/strong><\/p>\n\n\n\n<p class=\"has-text-align-center has-large-font-size\">**************************<\/p>\n\n\n\n<p style=\"color:#122ac8\" class=\"has-text-color has-background has-large-font-size has-pale-cyan-blue-background-color\"><strong>\u00c9nigme de D\u00e9cembre 2019<\/strong> <\/p>\n\n\n\n<ul class=\"wp-block-list\"><li><strong><em>On peut me trouver toute l\u2019ann\u00e9e.   <\/em><\/strong><\/li><li><strong><em> Je peux vivre dans les bois, dans les pr\u00e9s et m\u00eame dans l\u2019eau.                                  <\/em><\/strong><\/li><li><strong><em> Je suis l\u00e0 pour \u00e9purer un milieu (eau, air, sol) ou un substrat de culture d&rsquo;un ou plusieurs polluants ou \u00e9l\u00e9ments chimiques ind\u00e9sirables selon la technique de mycorem\u00e9diation.       <\/em><\/strong><\/li><li><strong><em> On peut me manger, d\u2019ailleurs celui de Paris est courant.    <\/em><\/strong><\/li><li><strong><em>Au sein de ma famille, certains membres sont toxiques voire mortels. <br><\/em><\/strong><\/li><\/ul>\n\n\n\n<p class=\"has-text-color has-large-font-size has-vivid-red-color\">NOUS SOMMES :  <strong>LES<\/strong> <strong>CHAMPIGNONS<\/strong>  <\/p>\n\n\n\n<p class=\"has-text-color has-large-font-size has-vivid-green-cyan-color\"><strong>Le gagnant est Pierre H.<\/strong><\/p>\n\n\n\n<p><\/p>\n\n\n\n<p class=\"has-text-color has-huge-font-size has-vivid-red-color\"><strong>   <\/strong><\/p>\n","protected":false},"excerpt":{"rendered":"<p>R\u00e9serv\u00e9 aux membres de l&rsquo;association Tous les mois, l\u2019association TORCOL vous propose de d\u00e9couvrir un sujet myst\u00e8re. Il peut s\u2019agir d\u2019un sujet d\u2019origine animale, v\u00e9g\u00e9tale ou min\u00e9rale. Quelquefois&#8230;. En parcourant notre site, vous pourrez&#46;&#46;&#46;<\/p>\n","protected":false},"author":1,"featured_media":0,"parent":0,"menu_order":0,"comment_status":"closed","ping_status":"closed","template":"","meta":{"footnotes":""},"class_list":["post-3412","page","type-page","status-publish","hentry"],"_links":{"self":[{"href":"https:\/\/www.asso-torcol.fr\/index.php\/wp-json\/wp\/v2\/pages\/3412","targetHints":{"allow":["GET"]}}],"collection":[{"href":"https:\/\/www.asso-torcol.fr\/index.php\/wp-json\/wp\/v2\/pages"}],"about":[{"href":"https:\/\/www.asso-torcol.fr\/index.php\/wp-json\/wp\/v2\/types\/page"}],"author":[{"embeddable":true,"href":"https:\/\/www.asso-torcol.fr\/index.php\/wp-json\/wp\/v2\/users\/1"}],"replies":[{"embeddable":true,"href":"https:\/\/www.asso-torcol.fr\/index.php\/wp-json\/wp\/v2\/comments?post=3412"}],"version-history":[{"count":48,"href":"https:\/\/www.asso-torcol.fr\/index.php\/wp-json\/wp\/v2\/pages\/3412\/revisions"}],"predecessor-version":[{"id":6003,"href":"https:\/\/www.asso-torcol.fr\/index.php\/wp-json\/wp\/v2\/pages\/3412\/revisions\/6003"}],"wp:attachment":[{"href":"https:\/\/www.asso-torcol.fr\/index.php\/wp-json\/wp\/v2\/media?parent=3412"}],"curies":[{"name":"wp","href":"https:\/\/api.w.org\/{rel}","templated":true}]}}