{"id":1689,"date":"2019-03-20T13:49:04","date_gmt":"2019-03-20T12:49:04","guid":{"rendered":"https:\/\/www.asso-torcol.fr\/?page_id=1689"},"modified":"2019-03-20T13:54:04","modified_gmt":"2019-03-20T12:54:04","slug":"affilie-a-la-federation-france-nature-environnement","status":"publish","type":"page","link":"https:\/\/www.asso-torcol.fr\/index.php\/affilie-a-la-federation-france-nature-environnement\/","title":{"rendered":"Affili\u00e9 \u00e0 la F\u00e9d\u00e9ration France Nature Environnement"},"content":{"rendered":"\n<h1 class=\"wp-block-heading\" style=\"text-align:center\"><em>Page en cours de construction<\/em><\/h1>\n\n\n\n<p class=\"has-drop-cap\"><\/p>\n","protected":false},"excerpt":{"rendered":"<p>Page en cours de construction<\/p>\n","protected":false},"author":1,"featured_media":0,"parent":0,"menu_order":0,"comment_status":"closed","ping_status":"closed","template":"","meta":{"footnotes":""},"class_list":["post-1689","page","type-page","status-publish","hentry"],"_links":{"self":[{"href":"https:\/\/www.asso-torcol.fr\/index.php\/wp-json\/wp\/v2\/pages\/1689","targetHints":{"allow":["GET"]}}],"collection":[{"href":"https:\/\/www.asso-torcol.fr\/index.php\/wp-json\/wp\/v2\/pages"}],"about":[{"href":"https:\/\/www.asso-torcol.fr\/index.php\/wp-json\/wp\/v2\/types\/page"}],"author":[{"embeddable":true,"href":"https:\/\/www.asso-torcol.fr\/index.php\/wp-json\/wp\/v2\/users\/1"}],"replies":[{"embeddable":true,"href":"https:\/\/www.asso-torcol.fr\/index.php\/wp-json\/wp\/v2\/comments?post=1689"}],"version-history":[{"count":2,"href":"https:\/\/www.asso-torcol.fr\/index.php\/wp-json\/wp\/v2\/pages\/1689\/revisions"}],"predecessor-version":[{"id":1692,"href":"https:\/\/www.asso-torcol.fr\/index.php\/wp-json\/wp\/v2\/pages\/1689\/revisions\/1692"}],"wp:attachment":[{"href":"https:\/\/www.asso-torcol.fr\/index.php\/wp-json\/wp\/v2\/media?parent=1689"}],"curies":[{"name":"wp","href":"https:\/\/api.w.org\/{rel}","templated":true}]}}